-2*t + 3*l - 3 + 278. Let k(q) = -2*q + 5. Let f be k(-6). What is the greatest common factor of t and f?
17
Suppose -13 = 5*c - 43. Let i be (-99)/(2*(-3)/c). Let g be ((-2)/(-6))/(2/66). Calculate the greatest common factor of g and i.
11
Let b = -13 + 6. Let f = 3 - b. What is the highest common divisor of 20 and f?
10
Suppose -7 = -2*l + 1. Calculate the highest common divisor of 44 and l.
4
Suppose -2*b - 2*b = -368. Suppose -3*c + 64 = -3*n - b, -4*c + 208 = -n. Let v be (-2)/(-3) - c/(-3). Calculate the greatest common divisor of v and 6.
6
Let c be ((-75)/4)/((-3)/36). Suppose 0 = y + 4*y - c. What is the highest common factor of y and 15?
15
Suppose -g = -4, -5*q = 2*g - 566 - 487. Calculate the highest common factor of 19 and q.
19
Let b = -37 + 71. What is the highest common divisor of b and 51?
17
Suppose -6 = 7*o - 10*o. Let c = -21 - -43. What is the greatest common divisor of c and o?
2
Let d be (4/(-2))/(-2) - -1. Suppose 0 = 5*l + 2*l - 7. Let w be (1 - 2)/l - -9. What is the greatest common factor of d and w?
2
Let k be (1 - 2) + 32 + -1. Let q(f) = -f + 2*f - 5 + 15 - f**2. Let u be q(0). What is the highest common factor of u and k?
10
Suppose 0*o + 10 = 5*o. Suppose -5*y + 3*i + 15 = 0, -o*y - 4*i - 25 = i. Let l be 0/5 - (y + -2). Calculate the greatest common divisor of 4 and l.
2
Let m be ((-1)/1)/(1/(-2)). Suppose 0 = m*q + 22 - 68. What is the highest common divisor of q and 69?
23
Let x = 4 + -30. Let h be (-212)/(-6) - x/39. Calculate the highest common factor of 12 and h.
12
Let f(r) = -r**3 + 6*r**2 + 1. Let y be f(5). Calculate the highest common factor of y and 13.
13
Let z(a) = -a**3 + 17*a**2 + 26*a + 9. Let c be z(18). Calculate the highest common divisor of c and 17.
17
Let u = 50 - 76. Let h = u + 86. What is the highest common factor of 24 and h?
12
Let s = -33 - -113. What is the greatest common divisor of s and 8?
8
Suppose 0*n + 4*n = 1836. Suppose w - n = -2*w. What is the greatest common divisor of w and 17?
17
Suppose -19*h + 24*h = 160. Calculate the greatest common factor of 80 and h.
16
Let s be (-2 - 14/35)*(-40)/6. Calculate the greatest common factor of s and 36.
4
Let k = -36 + 151. What is the highest common factor of k and 23?
23
Suppose 5*k - 256 = -3*k. Calculate the greatest common factor of k and 4.
4
Let d(l) = -l + 2. Let k be d(-6). Suppose 10 = m - k. Suppose -6*h + 3*h = -m. What is the highest common divisor of h and 6?
6
Let t(l) = -l + 5. Let m be t(-10). Let o = m + -10. Suppose y = 4*k - 39, o*k - 6*y = -y + 30. What is the highest common divisor of k and 77?
11
Let z = 121 - 139. Suppose 3*x - 4*x = 3*g + 84, 5*g = -2*x - 140. Let y = z - g. Calculate the greatest common divisor of y and 2.
2
Let t be ((-44)/10)/((-2)/20). Suppose 203 - 21 = -2*u. Let y = u + 157. Calculate the highest common factor of y and t.
22
Let l be (105*1)/(3/6). Let z = 342 - l. What is the highest common factor of 12 and z?
12
Suppose -4*u - 4*h - 8 = -4, 0 = u - 5*h - 17. What is the greatest common factor of 26 and u?
2
Suppose -3*g + 55 = -353. Calculate the greatest common divisor of 17 and g.
17
Suppose -4*x = h + h - 106, -x = h - 58. What is the greatest common divisor of h and 42?
21
Let g = -127 + 141. Let y = 4 + 2. Let b be ((-16)/y)/(1/(-21)). Calculate the highest common divisor of b and g.
14
Let n = -15 - -21. Let g(x) = x**2 + 12*x + 4. Let m be g(n). What is the highest common factor of 14 and m?
14
Let w = -165 + 237. Let n = w + -40. Calculate the highest common divisor of 8 and n.
8
Let p be 2 + (-1)/(2/4) - -15. Calculate the highest common factor of 105 and p.
15
Let y(d) = -d**3 - d**2 + d + 72. Let r = 11 - 11. Let v be y(r). What is the highest common factor of v and 48?
24
Let y(j) = -3*j + 14. Let h be y(-6). Let z be 98/8 + (-8)/h. What is the greatest common divisor of 24 and z?
12
Suppose -7*t + 2*t = 0. Suppose -5*f + t*s + 67 = -s, -3*f - s = -45. What is the highest common divisor of 84 and f?
14
Let a be (-57)/(-9) - (-2)/(-6). Let u be (-52)/(-16) + (-2)/8. Suppose 3*f = f - 5*c + 83, -3*c = -u*f + 177. What is the highest common factor of a and f?
6
Let w = 135 - 122. Calculate the greatest common divisor of w and 104.
13
Let f(c) = -58*c - 8. Let h be f(6). Let v be h/(-18) - 8/(-36). Calculate the greatest common divisor of v and 5.
5
Let c be 0 - -1*(-453)/(-3). Let u = c - 53. Calculate the greatest common factor of u and 14.
14
Let k be 0 - ((-14)/2 + 1). Let b(n) = n**3 + 35*n**2 - n - 5. Let p be b(-35). What is the greatest common divisor of k and p?
6
Suppose -5*p + 3*w = -67 - 198, -w = -3*p + 155. Suppose 4*s = 5*t - p, 0*t + 3*t = -4*s - 2. Calculate the greatest common factor of 15 and t.
3
Let j(x) = -3*x**3 + 3*x**2 + 4*x - 1. Let q be j(-3). Calculate the highest common divisor of 19 and q.
19
Suppose -2*o - 16 = 3*y, 14 = -y - 3*y + o. Let h(f) = -24*f + 2 + 42*f - 19*f. Let r be h(y). What is the greatest common divisor of 66 and r?
6
Suppose -13 = -d + 4*v + 91, -2*d = -4*v - 224. Calculate the highest common divisor of d and 15.
15
Suppose 2*m - 59 = -3*c, 4*c - 2*c + m = 38. Let b = 34 - c. Calculate the greatest common divisor of 68 and b.
17
Let n be (-2)/((-8)/(-14))*-26. What is the greatest common divisor of n and 13?
13
Suppose -q - 3*q + 24 = 0. Let f = 10 - -2. What is the highest common factor of q and f?
6
Suppose 2*y = 4*y - 76. Calculate the greatest common divisor of y and 76.
38
Let w be 2 - (72/6)/(-3). Let l(s) = 11*s - 2. Let n be l(4). What is the greatest common factor of n and w?
6
Let f be (-1)/((-1 - 1)/4). Let a(v) = -4*v - 5*v - f + 5*v + 2*v. Let b be a(-2). Calculate the highest common divisor of b and 16.
2
Suppose 4*f + 5*a - 1 = 6, -a - 13 = -4*f. Suppose f*o - 9 = 0, 2*h - 2*o = h + 5. Calculate the highest common divisor of h and 99.
11
Let h(b) = -b**2 + 1. Let i(a) = -7*a**2 - a. Let x(c) = h(c) - i(c). Let r be x(-1). Let u = -2 + 14. Calculate the highest common divisor of r and u.
6
Let r(j) = -j**2 + 8*j + 2. Let h be r(8). Suppose -k - 52 = -h*k. Calculate the greatest common factor of 13 and k.
13
Suppose -5*y - b = -3*y - 1, -3*y = -3*b - 15. Suppose -13 = -y*a + 9. Calculate the greatest common divisor of a and 77.
11
Let n be (-1602)/(-22) - 2/(-11). Suppose n = -0*r + 2*r + k, -3*r = 5*k - 127. Calculate the greatest common divisor of r and 17.
17
Suppose -2*z = -34 - 2. Let s be 448/21*z/8. Calculate the highest common factor of s and 12.
12
Let h = -7 - -3. Let x = h + 10. Calculate the highest common factor of x and 9.
3
Let k be (-1 - -14) + (-9)/(-3). What is the greatest common divisor of k and 40?
8
Let b = -3 - -6. What is the highest common factor of 27 and b?
3
Let b = -302 - -320. Let o(q) = 26*q + 1. Let n be o(1). Calculate the highest common divisor of b and n.
9
Let n(v) = 89*v + 5. Let m be n(3). Suppose 0 = 5*b - 4*j - 295, -4*j + m = 5*b - b. Calculate the highest common divisor of b and 21.
21
Let s = 14 - -146. Suppose -3*v + s = 7. Calculate the greatest common factor of v and 34.
17
Suppose 390 = -4*c + 6*c. What is the greatest common divisor of c and 78?
39
Let f(u) = -6*u - 3. Let s be f(-12). Calculate the greatest common divisor of s and 23.
23
Let c(k) = k**3 + 21*k**2 + 20*k + 7. Let j be c(-20). Let r be (6/(-5))/((-2)/5). Suppose 3*t - 18 = r. Calculate the highest common factor of j and t.
7
Let c(r) = -r**3 + 11*r**2 - 7*r - 10. Let q = -12 + 22. Let n be c(q). What is the highest common divisor of n and 220?
20
Let x be -5*((0 - -3) + -6). Calculate the greatest common factor of 10 and x.
5
Suppose 0 = 9*o - 10*o + 31. Suppose o - 167 = 4*u. Let a be u*-2*9/12. Calculate the greatest common factor of a and 34.
17
Let f(w) = -42*w - 2. Let m be f(-1). What is the highest common divisor of 5 and m?
5
Let c be 6 + (-6)/(3/(-1)). Suppose c = 2*j + 2*j. Suppose 0 = j*r - 3*r + 18. Calculate the greatest common divisor of 6 and r.
6
Let y(x) = -x**3 - 7*x**2 + x - 1. Let q be y(-8). What is the highest common factor of 11 and q?
11
Suppose 41*v - 30*v - 968 = 0. What is the greatest common factor of 11 and v?
11
Suppose 0 = -3*u + 55 + 50. Calculate the greatest common factor of 14 and u.
7
Suppose 5*f - 5 - 15 = 0. Suppose -15 = f*k - 3. Let a be -1*(-3)/k - -5. Calcul